.
20
Calculate the highest common divisor of 2097 and 7334607.
699
What is the greatest common factor of 9510 and 1140?
30
Calculate the highest common divisor of 1453027 and 346.
173
What is the greatest common divisor of 938 and 7638?
134
What is the highest common divisor of 336 and 880040?
56
What is the greatest common factor of 197396 and 61?
61
What is the greatest common divisor of 750680 and 208?
8
Calculate the highest common factor of 18 and 6414.
6
Calculate the highest common factor of 114 and 87970.
38
Calculate the highest common divisor of 2794 and 110.
22
What is the greatest common divisor of 240 and 1810880?
80
Calculate the highest common factor of 154696 and 29280.
488
Calculate the highest common factor of 1148 and 1271.
41
What is the highest common factor of 160657 and 1652?
413
What is the highest common divisor of 18 and 211401?
9
What is the greatest common factor of 21904 and 176?
16
Calculate the greatest common divisor of 1520 and 680.
40
What is the highest common factor of 348 and 21?
3
Calculate the highest common factor of 12833 and 5863.
41
Calculate the highest common divisor of 23584 and 670.
134
What is the greatest common factor of 89 and 41385?
89
Calculate the greatest common divisor of 1495 and 5635.
115
Calculate the greatest common factor of 1995 and 210615.
285
Calculate the greatest common divisor of 23416 and 16.
8
What is the highest common divisor of 948 and 6036?
12
Calculate the greatest common divisor of 7902 and 144.
18
Calculate the highest common divisor of 64 and 1702208.
64
What is the greatest common factor of 20585 and 23?
23
What is the greatest common divisor of 204 and 5772?
12
Calculate the highest common factor of 2485 and 69083.
497
What is the highest common factor of 522358 and 188?
94
What is the highest common factor of 228807 and 9?
9
What is the greatest common factor of 6030894 and 2388?
1194
What is the highest common divisor of 169986 and 82?
82
What is the highest common factor of 197848 and 4088?
56
What is the greatest common factor of 18136 and 24?
8
Calculate the highest common factor of 352 and 7909.
11
Calculate the greatest common factor of 3486736 and 9680.
1936
Calculate the highest common divisor of 226 and 5119239.
113
What is the greatest common divisor of 323189 and 790?
79
What is the highest common factor of 489 and 7658229?
489
Calculate the greatest common divisor of 218 and 874834.
218
Calculate the greatest common divisor of 49 and 34811.
7
What is the greatest common divisor of 36 and 100314?
18
What is the greatest common divisor of 563940 and 540?
180
What is the highest common factor of 1994 and 4?
2
Calculate the greatest common factor of 134013 and 1179.
393
What is the highest common factor of 172200 and 63?
21
What is the highest common factor of 532469 and 2494?
1247
What is the greatest common factor of 40 and 3171620?
20
Calculate the highest common divisor of 381 and 906.
3
Calculate the greatest common divisor of 674289 and 315.
63
Calculate the highest common factor of 1132 and 64241.
283
Calculate the greatest common factor of 16913 and 208.
13
What is the highest common divisor of 1501 and 144495?
19
Calculate the greatest common divisor of 414 and 152352.
414
Calculate the highest common divisor of 11621032 and 376.
376
What is the highest common factor of 46 and 3013?
23
Calculate the highest common divisor of 36080 and 2960.
80
What is the greatest common divisor of 352 and 79783?
11
Calculate the highest common divisor of 6893 and 5537.
113
What is the highest common divisor of 17 and 2007037?
17
Calculate the highest common factor of 284 and 860520.
284
What is the greatest common factor of 5653308 and 138?
138
What is the highest common factor of 1632 and 348636?
204
Calculate the highest common divisor of 1161 and 414864.
387
Calculate the greatest common factor of 694790 and 24790.
670
Calculate the highest common factor of 1760 and 11840.
160
What is the greatest common factor of 136 and 454?
2
What is the greatest common factor of 531 and 2397996?
531
What is the highest common divisor of 76554 and 63?
9
Calculate the highest common factor of 12770 and 90.
10
Calculate the highest common factor of 6201 and 756045.
477
Calculate the highest common factor of 89433 and 171.
171
Calculate the highest common divisor of 53013 and 492.
123
Calculate the greatest common factor of 2256 and 1356.
12
Calculate the greatest common divisor of 119 and 1967.
7
Calculate the highest common divisor of 230 and 117898.
46
What is the greatest common divisor of 4218 and 26790?
114
Calculate the highest common divisor of 4807 and 5819.
253
Calculate the greatest common factor of 5160 and 346752.
1032
Calculate the greatest common factor of 25901 and 59.
59
Calculate the greatest common divisor of 1278249 and 21.
21
Calculate the highest common factor of 796 and 46367.
199
Calculate the highest common factor of 2046 and 7626.
186
Calculate the greatest common factor of 1634 and 1862.
38
Calculate the greatest common divisor of 12064 and 76444.
116
What is the greatest common factor of 272 and 29648?
272
Calculate the greatest common divisor of 137478 and 132.
66
Calculate the greatest common factor of 302 and 317.
1
What is the greatest common divisor of 92 and 117668?
92
Calculate the highest common factor of 18193 and 1243.
113
Calculate the highest common divisor of 2842 and 37534.
98
What is the greatest common factor of 135 and 73215?
45
Calculate the highest common divisor of 37200 and 1840.
80
What is the highest common factor of 176 and 508?
4
Calculate the greatest common factor of 74991 and 609.
21
Calculate the greatest common divisor of 174 and 100926.
6
What is the greatest common divisor of 285 and 138282?
57
Calculate the greatest common divisor of 1108180 and 32.
4
What is the greatest common divisor of 878 and 8341?
439
What is the highest common divisor of 126 and 20804?
14
What is the greatest common divisor of 42 and 23709?
21
Calculate the highest common factor of 168 and 4421844.
84
Calculate the highest common factor of 6970 and 75235.
205
Calculate the greatest common divisor of 2149 and 24253.
307
Calculate the highest common factor of 6993 and 16443.
189
Calculate the greatest common divisor of 22 and 140327.
11
What is the greatest common divisor of 735 and 13545?
105
Calculate the highest common divisor of 470 and 710.
10
What is the highest common divisor of 819 and 21931?
91
What is the highest common factor of 6724 and 10537?
41
Calculate the greatest common factor of 371 and 523375.
53
Calculate the greatest common factor of 2454396 and 24.
12
Calculate the highest common divisor of 7833 and 483.
21
What is the highest common divisor of 61 and 1401292?
61
Calculate the greatest common factor of 204 and 676260.
204
What is the greatest common factor of 1985956 and 798?
266
Calculate the highest common divisor of 1260 and 43155.
315
Calculate the greatest common divisor of 5 and 5150.
5
What is the greatest common factor of 189 and 238329?
189
Calculate the greatest common divisor of 9042 and 638.
22
What is the greatest common factor of 14580 and 855?
45
Calculate the greatest common divisor of 136521 and 66.
33
What is the highest common factor of 97314 and 100254?
294
What is the highest common factor of 74919 and 1808?
113
What is the greatest common factor of 289821 and 111?
111
Calculate the highest common factor of 1422 and 9638.
158
What is the highest common factor of 52 and 44668?
52
What is the greatest common factor of 741 and 282867?
39
What is the greatest common divisor of 4 and 24206?
2
Calculate the highest common factor of 344736 and 7056.
1008
Calculate the highest common factor of 52150 and 210.
70
What is the greatest common factor of 2480 and 145328?
496
What is the highest common divisor of 10 and 609530?
10
What is the highest common divisor of 2407 and 8881?
83
Calculate the greatest common divisor of 38 and 55442.
38
Calculate the highest common factor of 3423 and 63.
21
Calculate the greatest common factor of 4249 and 1750.
7
What is the greatest common divisor of 242 and 72479?
121
What is the greatest common factor of 201960 and 4131?
459
Calculate the greatest common factor of 141501